{"id":590,"date":"2023-10-25T19:27:01","date_gmt":"2023-10-25T19:27:01","guid":{"rendered":"https:\/\/shopcoolmom.com\/?post_type=product&#038;p=590"},"modified":"2023-10-29T14:22:04","modified_gmt":"2023-10-29T14:22:04","slug":"top-malha-shhh-branco","status":"publish","type":"product","link":"https:\/\/shopcoolmom.com\/index.php\/product\/top-malha-shhh-branco\/","title":{"rendered":"TOP malha &#8220;shhh&#8221; branco"},"content":{"rendered":"<p>Top em malha branco, com bordado &#8220;shhh&#8221; em preto<\/p>\n<p>(tamanho \u00fanico &#8211; veste S e M)<\/p>\n<p><strong>COMPOSI\u00c7\u00c3O:<\/strong> Viscose: 50% \/ Nylon: 28% \/ Poli\u00e9ster: 22%<\/p>\n","protected":false},"excerpt":{"rendered":"<p>Top em malha branco, com bordado &#8220;shhh&#8221; em preto (tamanho \u00fanico &#8211; veste S e M) COMPOSI\u00c7\u00c3O: Viscose: 50% \/ Nylon: 28% \/ Poli\u00e9ster: 22%<\/p>\n","protected":false},"featured_media":668,"comment_status":"open","ping_status":"closed","template":"","meta":{"_mo_disable_npp":""},"product_brand":[],"product_cat":[29],"product_tag":[],"class_list":{"0":"post-590","1":"product","2":"type-product","3":"status-publish","4":"has-post-thumbnail","6":"product_cat-blouse","7":"product_shipping_class-portes-fixos","8":"pa_size-tu","10":"first","11":"instock","12":"featured","13":"shipping-taxable","14":"purchasable","15":"product-type-simple"},"aioseo_notices":[],"jetpack_sharing_enabled":true,"_links":{"self":[{"href":"https:\/\/shopcoolmom.com\/index.php\/wp-json\/wp\/v2\/product\/590"}],"collection":[{"href":"https:\/\/shopcoolmom.com\/index.php\/wp-json\/wp\/v2\/product"}],"about":[{"href":"https:\/\/shopcoolmom.com\/index.php\/wp-json\/wp\/v2\/types\/product"}],"replies":[{"embeddable":true,"href":"https:\/\/shopcoolmom.com\/index.php\/wp-json\/wp\/v2\/comments?post=590"}],"version-history":[{"count":1,"href":"https:\/\/shopcoolmom.com\/index.php\/wp-json\/wp\/v2\/product\/590\/revisions"}],"predecessor-version":[{"id":669,"href":"https:\/\/shopcoolmom.com\/index.php\/wp-json\/wp\/v2\/product\/590\/revisions\/669"}],"wp:featuredmedia":[{"embeddable":true,"href":"https:\/\/shopcoolmom.com\/index.php\/wp-json\/wp\/v2\/media\/668"}],"wp:attachment":[{"href":"https:\/\/shopcoolmom.com\/index.php\/wp-json\/wp\/v2\/media?parent=590"}],"wp:term":[{"taxonomy":"product_brand","embeddable":true,"href":"https:\/\/shopcoolmom.com\/index.php\/wp-json\/wp\/v2\/product_brand?post=590"},{"taxonomy":"product_cat","embeddable":true,"href":"https:\/\/shopcoolmom.com\/index.php\/wp-json\/wp\/v2\/product_cat?post=590"},{"taxonomy":"product_tag","embeddable":true,"href":"https:\/\/shopcoolmom.com\/index.php\/wp-json\/wp\/v2\/product_tag?post=590"}],"curies":[{"name":"wp","href":"https:\/\/api.w.org\/{rel}","templated":true}]}}