{"id":837,"date":"2023-12-09T18:19:02","date_gmt":"2023-12-09T18:19:02","guid":{"rendered":"https:\/\/shopcoolmom.com\/?post_type=product&#038;p=837"},"modified":"2023-12-18T23:17:29","modified_gmt":"2023-12-18T23:17:29","slug":"camisa-bombazina-break-preto","status":"publish","type":"product","link":"https:\/\/shopcoolmom.com\/index.php\/product\/camisa-bombazina-break-preto\/","title":{"rendered":"Camisa bombazina &#8220;BREAK&#8221;"},"content":{"rendered":"<p>Camisa em bombazina preta, estilo oversize.<\/p>\n<p>Bordado nas costas &#8220;GIVE ME A BREAK&#8221; em N\u00e9on.<\/p>\n<p>&nbsp;<\/p>\n<p>&nbsp;<\/p>\n<p><strong>COMPOSI\u00c7\u00c3O:<\/strong> 100% polyester<\/p>\n","protected":false},"excerpt":{"rendered":"<p>Camisa em bombazina preta, estilo oversize. Bordado nas costas &#8220;GIVE ME A BREAK&#8221; em N\u00e9on. &nbsp; &nbsp; COMPOSI\u00c7\u00c3O: 100% polyester<\/p>\n","protected":false},"featured_media":844,"comment_status":"open","ping_status":"closed","template":"","meta":{"_mo_disable_npp":""},"product_brand":[],"product_cat":[29],"product_tag":[],"class_list":{"0":"post-837","1":"product","2":"type-product","3":"status-publish","4":"has-post-thumbnail","6":"product_cat-blouse","7":"product_shipping_class-portes-fixos","8":"pa_size-m-l","9":"pa_size-s-m","11":"first","12":"instock","13":"shipping-taxable","14":"purchasable","15":"product-type-variable"},"aioseo_notices":[],"jetpack_sharing_enabled":true,"_links":{"self":[{"href":"https:\/\/shopcoolmom.com\/index.php\/wp-json\/wp\/v2\/product\/837"}],"collection":[{"href":"https:\/\/shopcoolmom.com\/index.php\/wp-json\/wp\/v2\/product"}],"about":[{"href":"https:\/\/shopcoolmom.com\/index.php\/wp-json\/wp\/v2\/types\/product"}],"replies":[{"embeddable":true,"href":"https:\/\/shopcoolmom.com\/index.php\/wp-json\/wp\/v2\/comments?post=837"}],"version-history":[{"count":1,"href":"https:\/\/shopcoolmom.com\/index.php\/wp-json\/wp\/v2\/product\/837\/revisions"}],"predecessor-version":[{"id":845,"href":"https:\/\/shopcoolmom.com\/index.php\/wp-json\/wp\/v2\/product\/837\/revisions\/845"}],"wp:featuredmedia":[{"embeddable":true,"href":"https:\/\/shopcoolmom.com\/index.php\/wp-json\/wp\/v2\/media\/844"}],"wp:attachment":[{"href":"https:\/\/shopcoolmom.com\/index.php\/wp-json\/wp\/v2\/media?parent=837"}],"wp:term":[{"taxonomy":"product_brand","embeddable":true,"href":"https:\/\/shopcoolmom.com\/index.php\/wp-json\/wp\/v2\/product_brand?post=837"},{"taxonomy":"product_cat","embeddable":true,"href":"https:\/\/shopcoolmom.com\/index.php\/wp-json\/wp\/v2\/product_cat?post=837"},{"taxonomy":"product_tag","embeddable":true,"href":"https:\/\/shopcoolmom.com\/index.php\/wp-json\/wp\/v2\/product_tag?post=837"}],"curies":[{"name":"wp","href":"https:\/\/api.w.org\/{rel}","templated":true}]}}