{"id":864,"date":"2024-04-19T20:05:30","date_gmt":"2024-04-19T19:05:30","guid":{"rendered":"https:\/\/shopcoolmom.com\/?post_type=product&#038;p=864"},"modified":"2024-04-21T21:09:27","modified_gmt":"2024-04-21T20:09:27","slug":"momtshirt","status":"publish","type":"product","link":"https:\/\/shopcoolmom.com\/index.php\/product\/momtshirt\/","title":{"rendered":"Mom T-SHIRT [ personaliza ]"},"content":{"rendered":"<p>T-shirt em algod\u00e3o personalizada com frase bordada \u00e0 escolha.<\/p>\n<p>Com corte e manga reta, tem um cair solto.<\/p>\n<p><strong>TAMANHO \u00daNICO<\/strong> (veste M\/L)<\/p>\n<p><strong>NOTA:<\/strong> a cor rosa vintage tem um modelo ligeiramente diferente, com gola e manga com acabamento enrolado<\/p>\n<p><strong>COMPOSI\u00c7\u00c3O:<\/strong> 100% algod\u00e3o<\/p>\n","protected":false},"excerpt":{"rendered":"<p>T-shirt em algod\u00e3o personalizada com frase bordada \u00e0 escolha. Com corte e manga reta, tem um cair solto. TAMANHO \u00daNICO (veste M\/L) NOTA: a cor rosa vintage tem um modelo ligeiramente diferente, com gola e manga com acabamento enrolado COMPOSI\u00c7\u00c3O: 100% algod\u00e3o<\/p>\n","protected":false},"featured_media":881,"comment_status":"open","ping_status":"closed","template":"","meta":{"_mo_disable_npp":""},"product_brand":[],"product_cat":[29],"product_tag":[],"class_list":{"0":"post-864","1":"product","2":"type-product","3":"status-publish","4":"has-post-thumbnail","6":"product_cat-blouse","7":"product_shipping_class-portes-fixos","9":"first","10":"instock","11":"featured","12":"shipping-taxable","13":"purchasable","14":"product-type-variable"},"aioseo_notices":[],"jetpack_sharing_enabled":true,"_links":{"self":[{"href":"https:\/\/shopcoolmom.com\/index.php\/wp-json\/wp\/v2\/product\/864"}],"collection":[{"href":"https:\/\/shopcoolmom.com\/index.php\/wp-json\/wp\/v2\/product"}],"about":[{"href":"https:\/\/shopcoolmom.com\/index.php\/wp-json\/wp\/v2\/types\/product"}],"replies":[{"embeddable":true,"href":"https:\/\/shopcoolmom.com\/index.php\/wp-json\/wp\/v2\/comments?post=864"}],"version-history":[{"count":2,"href":"https:\/\/shopcoolmom.com\/index.php\/wp-json\/wp\/v2\/product\/864\/revisions"}],"predecessor-version":[{"id":870,"href":"https:\/\/shopcoolmom.com\/index.php\/wp-json\/wp\/v2\/product\/864\/revisions\/870"}],"wp:featuredmedia":[{"embeddable":true,"href":"https:\/\/shopcoolmom.com\/index.php\/wp-json\/wp\/v2\/media\/881"}],"wp:attachment":[{"href":"https:\/\/shopcoolmom.com\/index.php\/wp-json\/wp\/v2\/media?parent=864"}],"wp:term":[{"taxonomy":"product_brand","embeddable":true,"href":"https:\/\/shopcoolmom.com\/index.php\/wp-json\/wp\/v2\/product_brand?post=864"},{"taxonomy":"product_cat","embeddable":true,"href":"https:\/\/shopcoolmom.com\/index.php\/wp-json\/wp\/v2\/product_cat?post=864"},{"taxonomy":"product_tag","embeddable":true,"href":"https:\/\/shopcoolmom.com\/index.php\/wp-json\/wp\/v2\/product_tag?post=864"}],"curies":[{"name":"wp","href":"https:\/\/api.w.org\/{rel}","templated":true}]}}